7 + -13 + 21.
8
Calculate -415 - -403 - (1 + -21).
8
What is the value of 28 - 13 - (-1 + 3 - 1)?
14
What is -9 + 2 - (-32 + 33) - -8?
0
Evaluate -8 + 19 + (-22 - -6).
-5
What is the value of -14 - -1 - (-25 - (8 + -5))?
15
-20 + (26 - (18 - 30))
18
What is (-21 - (-10 - -13 - 15)) + 21?
12
What is the value of 27 + (2 + (11 - 3) - 20)?
17
-1 + -4 + 7 + (-10 - (7 + -5))
-10
Evaluate -43 - (16 + (-27 - -18) + (0 - 12)).
-38
12 + 10 + -5 + 0 + (7 - 0)
24
0 + 15 + -15 + -6
-6
Evaluate -25 - (105 + -94 - (7 + 1)).
-28
What is the value of -86 + 32 + 23 - -8?
-23
Calculate -7 - 1 - (26 - 25).
-9
What is 6 + (-8 + 7 - (11 - 7)) + -27?
-26
Calculate -22 - (-10 + 30 + -14 + -5).
-23
What is the value of (7 - 2) + -7 + -2 + 1?
-3
What is (9 - (1 - -1)) + -6 + -8?
-7
Evaluate -11 - 2 - (-183 + 169).
1
-4 - (4 + -16) - (-22 + 26)
4
(-6 - -2) + 4 + 2 - (9 + 2)
-9
Calculate (9 - 3 - -2 - 0) + -23 + 30.
15
Calculate -16 + (3 - -6 - -2 - 4).
-9
Calculate 7 + (-1 - 9) + -12 + 19.
4
2 + 7 + -10 + -34 + 43
8
What is -2 + -2 + 10 - 12?
-6
Calculate -37 - (46 + -30 + -33).
-20
Evaluate -15 + 17 + 1 - (24 + -3).
-18
(12 - (-5 - -6)) + 13 - (4 + -2)
22
Evaluate 7 - (10 - (57 + -13)) - 15.
26
Evaluate (-46 + 17 - (-8 - 5)) + -6.
-22
Evaluate (6 - 14 - -29) + 3 + -7 - 2.
15
What is -14 + 12 - (-1 + (-1 - 2)) - 0?
2
Calculate (-12 - (17 - 29)) + 8.
8
What is 11 + 10 + -34 + 20?
7
Evaluate 201 + -209 + 3 + (2 - -18).
15
3 - (-2 - (3 + -9 + 5 + -2))
2
Evaluate ((-4 - -6) + (3 - -2) - 4) + 11.
14
Evaluate -12 + 0 + (19 - 3) - (-2 + 7).
-1
Calculate (4 - 3) + 1 + -11 + 21.
12
Calculate 15 + (-6 - 2) + -2.
5
Calculate 30 + -9 + -10 + -26 + 2.
-13
What is the value of 8 - (24 + -17 + -12)?
13
0 + (12 + -3 - (-14 - -12)) + -5
6
What is the value of -3 + (-5 - 0) + 2 + -4 + -2?
-12
Evaluate -10 + (5 - 2) + 10 + 0 - 12.
-9
What is -6 + (2 - 1) + 0 + (-136 - -155)?
14
5 + 18 + -14 + -18
-9
-24 + (62 - 6) - (10 - 1)
23
Calculate (-3 - -11) + (-18 - -12).
2
(-10 - (-5 + -2 + 7)) + (-6 - -14)
-2
What is 8 + -13 + 6 + 3 + 4?
8
Evaluate 127 - 106 - (0 - -20).
1
Evaluate (0 - -8) + -594 + 595 + (-7 - 1).
1
What is -22 - (5 + -11 - 29)?
13
What is -7 - ((-37 - -47) + (-9 - -2))?
-10
Calculate 69 - 81 - (-10 - (5 + 0)).
3
What is the value of -2 + 3 - (156 - 157)?
2
Evaluate 4 + 0 + -5 + (-6 - -1).
-6
Evaluate (8 + 8 - 13) + 0 + -2 + 11.
12
What is 39 + 5 + -9 + (1 - 0) - 11?
25
Evaluate (-5 - (-6 + 11 - 5) - 12) + 6.
-11
Calculate 0 - (-4 + (-2 - -17) + (22 - 26)).
-7
(3 - -24) + -5 + (-77 - -59)
4
What is -8 + -1 + 6 + -10 + 1?
-12
What is (-6 - (-1 + -5) - (5 - 3)) + 3?
1
294 + -287 - (-2 - (2 + -1))
10
-6 - (24 + -35 + -10)
15
Evaluate (-1 - -16) + 20 + -32.
3
4 - (7 - 1 - (-5 - -1) - 1)
-5
(8 - 3) + (-60 + 57 - (0 - 35))
37
Evaluate -20 - ((13 - 5) + -41).
13
34 + (5 - 19 - 32)
-12
2 + -30 + (16 - 6) - -18
0
(28 - (17 - 4)) + -7 + -26 + 1
-17
Evaluate 3 + 36 + 0 - 62.
-23
33 + -26 + (-8 - -4) + -3
0
What is 17 - (58 + -12 - 12)?
-17
-30 - (-15 - 1) - -15
1
(-6 - 0 - (3 - 5)) + 0
-4
What is the value of (6 - 22) + 18 + -16 - -6?
-8
What is the value of -5 + -2 - (20 + 1 - 23)?
-5
5 + 4 + -5 + 1 + -7
-2
What is the value of 4 + (0 - -2 - -2 - (-20 + 19))?
9
Calculate -4 - (6 + (-4 - 5 - (0 + -1))).
-2
Evaluate -5 + -28 + 30 + -1 + -4.
-8
Calculate (9 - (5 - 11)) + -18.
-3
Calculate 0 + -3 + (-3 - (-6 + 6)) + -4.
-10
What is 0 + 12 - (318 - 280)?
-26
Calculate (-1 + -13 - (17 + (-20 - 2))) + -7.
-16
Calculate 13 + 0 + -251 + 251.
13
What is (-21 - -2) + (-36 - (-36 - -9))?
-28
What is the value of 4 + (-2 - -4) + (10 - (17 + -7))?
6
Calculate 27 - (-42 + 76) - (0 + -12).
5
Evaluate 55 + -41 + (5 - 24).
-5
-25 - (28 + -43) - (0 + 7 + -3)
-14
What is the value of 12 + 6 - (6 + -39) - 17?
34
33 - (29 + -16) - 7
13
Calculate (-16 - -7) + -3 + 17 + -14.
-9
Calculate 29 - (0 - 10 - -33).
6
What is the value of 1638 + -1630 - ((2 - 0) + -1)?
7
(11 + -1 - (53 - 38)) + -21
-26
What is the value of 32 + 38 + (-27 - 19)?
24
What is 7 + 4 + -6 + -1 - (4 + 5)?
-5
(44 - 52) + 1 - (15 - (2 - 1))
-21
What is the value of -57 - -49 - (2 - ((0 - 0) + -1))?
-11
What is the value of (4 - 10 - 6) + 6?
-6
15 + -19 + (-10 - -17)
3
Calculate -4 + -2 + 0 + -78 + 94 + -5.
5
What is -19 + -2 + 3 - -9?
-9
Evaluate 5 - (20 + -12 + 3 + (1 - 3)).
-4
-99 - -55 - (-19 + -12)
-13
Calculate 13 - (22 - 2 - 5).
-2
Calculate 6 - (2 + 1 - (3 + (-6 - -7))).
7
What is (-4 - 26) + 31 + 19?
20
What is -76 + 77 - (-1 + 13) - 17?
-28
What is -36 - (-5 - (-2 + 19 - 11))?
-25
Evaluate 4 + 1 + -10 + 3 + (1 - 6).
-7
13 + (3 - (1 - 6 - -5))
16
Calculate -3 + -12 + 12 + 15.
12
What is the value of -4 - (-28 - (-19 - -3))?
8
Calculate -4 - (-4 - (-6 - -3)) - -2.
-1
7 + (7 + -9 + 11 - -2)
18
What is (-11 - -3) + 3 + 5 - 6 - -8?
2
Evaluate 0 + (4 + -1 - (-48 - -60)).
-9
What is -1 + 1 - (7 - -1) - (475 + -492)?
9
Calculate 9 - ((13 - -1) + (13 - 6)).
-12
Evaluate (594 - 606) + 12 + (0 - 1).
-1
-8 + 11 + 6 - 12
-3
Calculate 3 - 23 - (12 + -27 - -5).
-10
What is (-8 + 27 - 6) + -24 + (-2 - 1)?
-14
-17 - (-9 - (10 + (-7 - 10)))
-15
Evaluate 11 - ((0 - (-6 - -5)) + -6).
16
Evaluate -2 + 5 + (-37 - (-85 - -51)).
0
What is -17 - -1 - (263 - 301)?
22
Calculate 2 + 7 + (26 + -17 - 36 - -13).
-5
Calculate -16 + 10 + (28 - 42).
-20
What is 1 + 7 + (158 + -141 - (11 - 1))?
15
What is -16 - (20 + -51) - (6 + (-4 - -3))?
10
-305 - -288 - (-1 + 1) - -13
-4
What is 0 + (-10 - -8) + (5 - 2) + -6?
-5
Evaluate -6 + 4 + 10 + -8 + (-5 - 1).
-6
What is 2 + (-20 - -6) + 9 - -23?
20
Calculate (10 - (26 + -18)) + (-6 - 0).
-4
What is -29 - ((-55 - -8) + 35)?
-17
Calculate 14 + (-3 - (2 + 5 + 1) - 0).
3
(13 - -18) + -54 - (-2 + -8 + 2)
-15
-36 - 5 - -14 - (3 - 16)
-14
What is 6 + 5 + (-3 - 0 - (-80 + 83))?
5
Calculate -7 - -8 - -3 - (-1 + 2).
3
What is -12 + -4 + 52 + 8 + -15?
29
Evaluate -9 + (-4 - -8) + 12.
7
What is 5 + (1 + -6 - (-9 + -3)) + -4?
8
Calculate -6 - (18 + -13 - 13).
2
76 + -48 + (2 - 31)
-1
Evaluate (-4 - 4) + (45 - 52) + 32 + 1.
18
What is 12 + -1 + (5 - -19 - 9)?
26
Calculate -9 + 9 - (3 + -4) - 10.
-9
Calculate (1 - 3) + (0 - -22) + -15.
5
What is the value of -182 + 167 - (0 - 1)?
-14
What is the value of -1 + (-3 - -2) + (5 - (6 + -6))?
3
What is 2 + 3 + 0 + 3?
8
Calculate -2 + 1 + 11 + -4 + -8 - -8.
6
Calculate -10 - -1 - (-11 - (29 + -18)).
13
What is the value of (25 - (-6 + 19)) + (-50 - -34)?
-4
What is the value of 1 + -5 - (-7 - (16 - 24 - -2))?
-3
Calculate -7 - (6 + ((28 - 6) + -4 - 11)).
-20
Evaluate -2 - ((-4 - -10) + -28).
20
-61 - ((29 - 38) + -18)
-34
What is (37 - 16 - 18) + (-9 - (-4 - -1))?
-3
What is 13 - (17 - (-9 - 4 - -3))?
-14
Evaluate (3 - 14) + 13 + -16 + (17 - 10).
-7
-5 + 10 - (5 + (-8 - 4))
12
Evaluate (-147 - -153) + (-13 - 0).
-7
Evaluate -18 - (-52 - -14) - 6.
14
What is 38 - (-31 - (-35 - -1))?
35
7 - ((0 - (-5 - -10)) + (2 - -2))
8
(-463 - -481) + (-1 - 35)
-18
-4 + -6 + -4 + 14
0
Evaluate -9 + 10 + (12 - (7 + -7)) - -9.
22
-29 - (-17 - (-11 + 10 - 4))
-17
Evaluate 31 - (6 + -15 + 28 + -15).
27
Calculate 1 - (53 - 30 - 22).
0
Evaluate 11 - (-4 + 10 - 1) - 4 - -2.
4
What is the value of 3 + (-4 - 2) + -4 + (27 - -5)?
25
What is -24 + -12 + (-8 - (-21 - 3)) + -11?
-31
Calculate -3 - (-27 - -25) - (-2 - 22).
23
Calculate (210 - 205) + (-3 - -6 - (8 - 0)).
0
What is the value of (16 + -3 - (11 + -10)) + -3 + 23?
32
What is the value of (30 - 58) + (-43 - -98)?
27
What is -11 - (-12 + 12 - (-3 + 6)) - 3?
-11
What is the value of 2 + (-21 - (0 + -11)) - 6?
-14
Evaluate (-10 + 16 - 13) + (12 - 2).
3
Calculate (-8 - 3) + 7 + (-2 - -2) + -14.
-18
Calculate -6 + -1 + (6 - 5).
-6
Calculate 7 - 0 - (-10 + 12 + 17 - 19).
7
(-11 + 5 + 3 + 5 - -9) + -6
5
Calculate -7 + 5 - 0 - -1.
-1
Calculate 11 - (-28 + (-31 - -50)).
20
What is -1 + (-6 - (7 + -24))?
10
What is (-7 + 9 - 15) + 24?
11
-3 - (2 + (-6 - -3) + -3) - 1
0
What is the value of 3 + -5 + 83 + -62?
19
What is the value of 10 + (-8 - (-12 + 3)) + 1 + 1?
13
What is the value of (29 - 22) + 8 + -8 + 2?
9
-21 + 40 - 29 - -3
-7
Evaluate -3 + 101 + -95 + (-2 - 0).
1
What is the value of 19 + (11 - (15 + -6 + 6))?
15
Evaluate 22 - 22 - (-5 + -7 - -3) - -2.
11
What is the value of (-13 + -5 - 6) + 3 - -11?
-10
Calculate (72 - 53) + -4 + -28.
-13
What is 9 + (0 - (-2 -